{"id":52,"date":"2022-08-29T05:26:25","date_gmt":"2022-08-29T05:26:25","guid":{"rendered":"https:\/\/blog.yoopies.at\/gleichgewicht-arbeitsleben-privatleben\/"},"modified":"2025-06-12T08:43:07","modified_gmt":"2025-06-12T08:43:07","slug":"gleichgewicht-arbeitsleben-privatleben","status":"publish","type":"page","link":"https:\/\/yoopies.at\/c\/gleichgewicht-arbeitsleben-privatleben\/","title":{"rendered":"10 Tips f\u00fcr ein gesundes Gleichgewicht zwischen Arbeit und Privatleben"},"content":{"rendered":"<p><p class=\"block-img\"><img decoding=\"async\" src=\"https:\/\/yoopies.at\/c\/wp-content\/uploads\/sites\/6\/2022\/08\/61eb9240-e205-4513-a949-500f5458308e_Family4.jpg\" alt=\"\"><\/p>\n<p>Wir von Yoopies wissen, dass Kindererziehung mit H&ouml;hen und Tiefen verbunden ist. Die Suche nach h&auml;uslicher Unterst&uuml;tzung kann euch helfen, einen Teil des Stresses von deinen Schultern zu nehmen. Bei Yoopies findet ihr Hilfe f&uuml;r Kinderbetreuung, Nachhilfe, Hausarbeit, Seniorenbetreuung und Haustierbetreuung, damit ihr das Gleichgewicht zwischen Arbeits- und Privatleben im Griff habt.<\/p>\n<p>Also, eins nach dem anderen &#8211; die perfekten Eltern gibt es nicht. Lassen wir das erst einmal beiseite, bevor wir zu den wichtigen Dingen kommen.<\/p>\n<p>In den sozialen Medien werden wir st&auml;ndig mit den Highlights aus dem Leben anderer Menschen bombardiert, einschlie&szlig;lich perfekter H&auml;user, Urlaube und Aktivit&auml;ten, die einen ungesunden Pr&auml;zedenzfall schaffen, dem sich Eltern anpassen m&uuml;ssen. Vielleicht ertappst du dich sogar dabei, wie du durch endlose Artikel dar&uuml;ber scrollst, was Prominente tun, die scheinbar die &#8222;perfekten&#8220; Vorbilder f&uuml;r ihre Kinder sind! Die Wahrheit ist, dass sich eure Kinder am meisten nach deiner Zuneigung und Aufmerksamkeit sehnen &#8211; und wenn ihr ihnen das regelm&auml;&szlig;ig gebt, seid ihr der perfekten Familie so nahe wie m&ouml;glich. Dazu braucht es keine Prominenten, unrealistische Mami-Blogger oder Social-Media-Influencer!<\/p>\n<p>Aber was ist, wenn man das Gef&uuml;hl hat, dass man ihnen keine Aufmerksamkeit schenken kann, weil man von einem anstrengenden 9-18 Uhr Arbeitstag geplagt wird? Oder weil man m&uuml;de ist, weil man neben dem Kochen des Abendessens auch noch eine Pr&auml;sentation f&uuml;r die Arbeit organisieren musst? Oder weil man versucht, den Haushalt in Ordnung zu halten, daf&uuml;r zu sorgen, dass seine Rechnungen p&uuml;nktlich bezahlt werden, und bei den Hausaufgaben zu helfen. Nun, good news: Ihr seid nicht allein! Die Frage, wie man das alles unter einen Hut bringen kann, ist eine h&auml;ufige Sorge von Eltern angesichts der zunehmenden Zahl von Eltern, die beide einem Vollzeitjob nachgehen, aber eine gesunde Work-Life-Balance ist etwas, das wir alle erreichen k&ouml;nnen.<\/p>\n<p>Mit ein bisschen Zeit und M&uuml;he wird die Zeit, die ihr euch f&uuml;r eure Kinder nehmt, von einer stressigen Aufgabe zu einem absolut realistischen Erziehungserfolg! Wenn ihr die folgenden 10 Tipps umsetzt, werdet ihr nicht nur die Beziehung zu euren Kindern st&auml;rken, sondern auch ein gl&uuml;ckliches und gesundes Umfeld schaffen, in dem sich eure Kinder mehr geh&ouml;rt und wertgesch&auml;tzt f&uuml;hlen.<\/p>\n<\/p>\n<p><p class=\"block-img\"><img decoding=\"async\" src=\"https:\/\/yoopies.at\/c\/wp-content\/uploads\/sites\/6\/2022\/08\/1f3893e1-cd9e-4717-8cf4-4b9688834903_Family5.jpg\" alt=\"\"><\/p>\n<h2><strong>1. Nehmt euch bewusst Zeit<\/strong><\/h2>\n<p>Macht aus typisch allt&auml;glichen Dingen Qualit&auml;tszeit f&uuml;r eure Kinder. Das Baden und das Abendessen sind gute Gelegenheiten, den Alltag in etwas Aufregendes zu verwandeln, also versucht, sie zu genie&szlig;en! Denkt euch lustige Spiele f&uuml;r die Badewanne aus, lasst eure Kinder den Nachtisch zubereiten oder erfindet eine Aktivit&auml;t am Esstisch. Kinder brauchen keinen festen Tagesablauf, damit sie Spa&szlig; haben.<\/p>\n<h2><strong>2. Arbeit ist Arbeit<\/strong><\/h2>\n<p>Nehmt eure Arbeit nach M&ouml;glichkeit nicht mit nach Hause. Das ist leichter gesagt als getan, zumal viele von uns heute von zu Hause aus arbeiten. Es ist jedoch wichtig, dass ihr au&szlig;erhalb der Arbeitszeiten Ihren Laptop schlie&szlig;t. Es ist unm&ouml;glich, rund um die Uhr zu arbeiten, unser Kopf braucht Zeit, um abzuschalten, und wir sind am n&auml;chsten Tag viel produktiver, wenn wir uns am Abend eine wohlverdiente Pause g&ouml;nnen. Versucht, eure &#8222;B&uuml;ro&#8220;-Mentalit&auml;t beiseite zu schieben und euch auf eure Familie zu konzentrieren, egal ob ihr gemeinsam einen Film anseht, ein Spiel spielt oder einfach nur zusammen sitzt und euch unterhaltet. <\/p>\n<h2><strong>3. Achtet auf Details<\/strong><\/h2>\n<p>Als Eltern haben wir eine Million Dinge zu tun, aber wir sollten versuchen, uns an kleine Details im Leben unseres Kindes zu erinnern, wenn wir k&ouml;nnen. Wenn euer Kind in der Schule neue Freunde gefunden hat oder eine Pr&uuml;fung ansteht, &uuml;ber die es gesprochen hat, sprecht mit ihm beim Fr&uuml;hst&uuml;ck dar&uuml;ber oder fragt es im Auto danach. Das gibt ihm das Gef&uuml;hl, geh&ouml;rt und beachtet zu werden, auch wenn ihr in letzter Zeit viel gearbeitet habt. Dieser Tipp ist besonders wichtig, wenn ihr mehr als ein Kind habt, denn so f&uuml;hlt sich jedes Kind erinnert und wichtig f&uuml;r euch.<\/p>\n<h2><strong>4. Plant Aktivit&auml;ten<\/strong><\/h2>\n<p>Macht etwas, was die Familie nur gemeinsam macht. Wenn ihr einen Hund habt, solltet ihr mit ihm gemeinsam Gassi gehen. Nutzt die Zeit, um mit euren Kindern drau&szlig;en zu spielen. Nehmt Kreide mit, um auf dem Gehweg zu malen und die Kreativit&auml;t eurer Kinder zu f&ouml;rdern, oder einen Fu&szlig;ball, um im Park zu spielen. Macht den &#8222;Spaziergang mit dem Hund&#8220; zu einem Familienereignis, auf das sich Ihre Kinder freuen, ohne sich mit Hausarbeit, Hausaufgaben oder der Schule zu besch&auml;ftigen. Durch die Entscheidung f&uuml;r eine reine Familienaktivit&auml;t sehen eure Kinder, wie wichtig es ist, dass sie sich Zeit f&uuml;reinander nehmen, um ein gesundes Zuhause zu schaffen. <a href=\"https:\/\/yoopies.at\/c\/10-dinge-die-man-mit-kindern-in-wien-unternehmen-kann\">Hier findet ihr 10 Aktivit&auml;ten,<\/a> die Ihr mit euren Kindern z.B. in Wien unternehmen k&ouml;nnt.<\/p>\n<h2><strong>5. Gemeinsame Mahlzeiten<\/strong><\/h2>\n<p>Wenn m&ouml;glich, sollte man die Mahlzeiten gemeinsam mit den Kindern einnehmen. Es gibt eine psychologische Verbindung zwischen dem gemeinsamen Essen und der Familie, die eine starke Familienbindung schafft. W&auml;hrend dieser Zeit k&ouml;nnen Sie sich abwechselnd nach dem Tag des anderen erkundigen. Wenn etwas Interessantes passiert ist, kannst du mit weiteren Fragen nachhaken, zum Beispiel: &#8222;Steht eine Schulveranstaltung an?&#8220; oder &#8222;Hattest du heute Spa&szlig; beim Spielen?&#8220;. Wenn du dich aktiv f&uuml;r die Belange deiner Kinder interessierst, zeigst du ihnen, dass du dich f&uuml;r ihr t&auml;gliches Leben interessierst.<\/p>\n<h2><strong>6. Versucht gelassen zu bleiben<\/strong><\/h2>\n<p>Sorgt daf&uuml;r, dass ihr in einem gelassenen Gem&uuml;tszustand von der Arbeit nach Hause kommt. Das Letzte, was ihr tun wollt, ist, euren Stress und eure Angst an eurer Familie auszulassen, wenn ihr versucht, mehr Zeit mit ihnen zu verbringen. H&ouml;rt auf dem Heimweg von der Arbeit etwas Beruhigendes. Oder wenn ihr von zu Hause aus arbeitet, nehmt euch 15 Minuten Zeit, um zu entspannen, bevor ihr euch auf eure Familie konzentriert.<\/p>\n<h2><strong>7. Nehmt euch Zeit f&uuml;r euch selbst<\/strong><\/h2>\n<p>Wir verstehen, dass es unm&ouml;glich ist, den Kindern rund um die Uhr Ihre ungeteilte Aufmerksamkeit zu schenken. Alle Eltern brauchen eine Pause und es ist wichtig, sich Zeit f&uuml;r sich selbst den Partner zu nehmen, also stellt sicher, dass ihr euch hin und wieder eine Auszeit von den Kindern g&ouml;nnt! Auf Yoopies findet ihr hunderte von Babysittern in eurer N&auml;he, die euch dabei helfen, eure Arbeit und euer Privatleben unter einen Hut zu bringen!<\/p>\n<h2><strong>8. F&uuml;hrt Listen<\/strong><\/h2>\n<p>Als Eltern f&uuml;hlen wir uns oft &uuml;berw&auml;ltigt von der Anzahl der Dinge, die wir tun m&uuml;ssen. Wenn ihr eure Zeit und eure Aufgaben organisiert, habt ihr das Gef&uuml;hl, mehr Kontrolle zu haben. Teilt die Aufgaben, die ihr erledigen m&uuml;sst, in kleine, machbare Aufgaben auf, wobei das Wichtigste ganz oben auf eurer Liste steht. Jedes Mal, wenn ihr etwas erledigt habt, k&ouml;nnt ihr es abhaken, um Erfolgserlebnisse und mehr Motivation zu haben.<\/p>\n<h2><strong>9. Vermeidet zu viel Zeit vor dem Bildschirm<\/strong><\/h2>\n<p>Wenn man in Gegenwart seiner Kinder st&auml;ndig sein Handy benutzt, werden auch sie eine &auml;hnliche Angewohnheit entwickeln. Au&szlig;erdem f&uuml;hrt die st&auml;ndige Besch&auml;ftigung mit dem Handy oder Laptop bis sp&auml;t in die Nacht dazu, dass man nicht mehr so gut schlafen kann. Studien zeigen, dass es f&uuml;r die mentale Gesundheit viel besser ist, vor dem Schlafengehen etwas abseits des Bildschirms zu tun. Versucht es mit Lesen, einem Gespr&auml;ch mit eurem Partner oder dem H&ouml;ren von ruhiger Musik.<\/p>\n<h2><strong>10. Plant den n&auml;chsten Morgen schon am Abend davor<\/strong><\/h2>\n<p>Wenn ihr euren Morgen vor dem Schlafengehen plant, werdet ihr euch nach dem Aufwachen produktiver f&uuml;hlen. Ihr werdet euch wahrscheinlich weniger gestresst f&uuml;hlen, wenn die Schulkleidung und die Essenspakete am Vorabend vorbereitet werden. Man kann zwar nicht immer alles im Voraus vorbereiten, aber wenn man versucht, so viel wie m&ouml;glich vor dem Schlafengehen zu erledigen, wird der Morgen mit der Familie viel weniger stressig und hektisch sein.<\/p>\n<\/p>\n<p><a class=\"button\" href=\"https:\/\/www.yoopies.at\">Eine Alltagshilfe finden auf Yoopies<\/a><\/p>\n","protected":false},"excerpt":{"rendered":"<p>Wir von Yoopies wissen, dass Kindererziehung mit H&ouml;hen und Tiefen verbunden ist. Die Suche nach h&auml;uslicher Unterst&uuml;tzung kann euch helfen, einen Teil des Stresses von deinen Schultern zu nehmen. Bei Yoopies findet ihr Hilfe f&uuml;r Kinderbetreuung, Nachhilfe, Hausarbeit, Seniorenbetreuung und Haustierbetreuung, damit ihr das Gleichgewicht zwischen Arbeits- und Privatleben im Griff habt. Also, eins nach [&hellip;]<\/p>\n","protected":false},"author":10,"featured_media":55,"parent":0,"menu_order":0,"comment_status":"closed","ping_status":"closed","template":"","meta":{"_acf_changed":false,"footnotes":""},"class_list":["post-52","page","type-page","status-publish","has-post-thumbnail","hentry"],"acf":[],"yoast_head":"<!-- This site is optimized with the Yoast SEO plugin v26.9 - https:\/\/yoast.com\/product\/yoast-seo-wordpress\/ -->\n<title>10 Tips f\u00fcr eine gesundes Gleichgewicht zwischen Arbeits- und Privatleben<\/title>\n<meta name=\"description\" content=\"F\u00fcr alle Eltern, die sich fragen, wie sie Beziehungen, Kinder und den Arbeitsstress unter einen Hut bringen k\u00f6nnen: Ihr seid nicht alleine! Entdeckt unsere 10 besten Methoden, um das Gleichgewicht zwischen Arbeits- und Privatleben zu verbessern.\" \/>\n<meta name=\"robots\" content=\"index, follow, max-snippet:-1, max-image-preview:large, max-video-preview:-1\" \/>\n<link rel=\"canonical\" href=\"https:\/\/yoopies.at\/c\/gleichgewicht-arbeitsleben-privatleben\/\" \/>\n<meta property=\"og:locale\" content=\"de_DE\" \/>\n<meta property=\"og:type\" content=\"article\" \/>\n<meta property=\"og:title\" content=\"10 Tips f\u00fcr eine gesundes Gleichgewicht zwischen Arbeits- und Privatleben\" \/>\n<meta property=\"og:description\" content=\"F\u00fcr alle Eltern, die sich fragen, wie sie Beziehungen, Kinder und den Arbeitsstress unter einen Hut bringen k\u00f6nnen: Ihr seid nicht alleine! Entdeckt unsere 10 besten Methoden, um das Gleichgewicht zwischen Arbeits- und Privatleben zu verbessern.\" \/>\n<meta property=\"og:url\" content=\"https:\/\/yoopies.at\/c\/gleichgewicht-arbeitsleben-privatleben\/\" \/>\n<meta property=\"og:site_name\" content=\"Yoopies \u00d6sterreich\" \/>\n<meta property=\"article:modified_time\" content=\"2025-06-12T08:43:07+00:00\" \/>\n<meta property=\"og:image\" content=\"https:\/\/yoopies.at\/c\/wp-content\/uploads\/sites\/6\/2022\/08\/yoopies-cms2fe05c84a0-74dd-47b8-acab-c92e78bd1de3-bigstock-portrait-of-happy-family-havin-95420993.jpg\" \/>\n\t<meta property=\"og:image:width\" content=\"1200\" \/>\n\t<meta property=\"og:image:height\" content=\"800\" \/>\n\t<meta property=\"og:image:type\" content=\"image\/jpeg\" \/>\n<meta name=\"twitter:card\" content=\"summary_large_image\" \/>\n<meta name=\"twitter:label1\" content=\"Gesch\u00e4tzte Lesezeit\" \/>\n\t<meta name=\"twitter:data1\" content=\"7 Minuten\" \/>\n<script type=\"application\/ld+json\" class=\"yoast-schema-graph\">{\"@context\":\"https:\/\/schema.org\",\"@graph\":[{\"@type\":\"WebPage\",\"@id\":\"https:\/\/yoopies.at\/c\/gleichgewicht-arbeitsleben-privatleben\/\",\"url\":\"https:\/\/yoopies.at\/c\/gleichgewicht-arbeitsleben-privatleben\/\",\"name\":\"10 Tips f\u00fcr eine gesundes Gleichgewicht zwischen Arbeits- und Privatleben\",\"isPartOf\":{\"@id\":\"https:\/\/yoopies.at\/c\/#website\"},\"primaryImageOfPage\":{\"@id\":\"https:\/\/yoopies.at\/c\/gleichgewicht-arbeitsleben-privatleben\/#primaryimage\"},\"image\":{\"@id\":\"https:\/\/yoopies.at\/c\/gleichgewicht-arbeitsleben-privatleben\/#primaryimage\"},\"thumbnailUrl\":\"https:\/\/yoopies.at\/c\/wp-content\/uploads\/sites\/6\/2022\/08\/yoopies-cms2fe05c84a0-74dd-47b8-acab-c92e78bd1de3-bigstock-portrait-of-happy-family-havin-95420993.jpg\",\"datePublished\":\"2022-08-29T05:26:25+00:00\",\"dateModified\":\"2025-06-12T08:43:07+00:00\",\"description\":\"F\u00fcr alle Eltern, die sich fragen, wie sie Beziehungen, Kinder und den Arbeitsstress unter einen Hut bringen k\u00f6nnen: Ihr seid nicht alleine! Entdeckt unsere 10 besten Methoden, um das Gleichgewicht zwischen Arbeits- und Privatleben zu verbessern.\",\"breadcrumb\":{\"@id\":\"https:\/\/yoopies.at\/c\/gleichgewicht-arbeitsleben-privatleben\/#breadcrumb\"},\"inLanguage\":\"de-AT\",\"potentialAction\":[{\"@type\":\"ReadAction\",\"target\":[\"https:\/\/yoopies.at\/c\/gleichgewicht-arbeitsleben-privatleben\/\"]}]},{\"@type\":\"ImageObject\",\"inLanguage\":\"de-AT\",\"@id\":\"https:\/\/yoopies.at\/c\/gleichgewicht-arbeitsleben-privatleben\/#primaryimage\",\"url\":\"https:\/\/yoopies.at\/c\/wp-content\/uploads\/sites\/6\/2022\/08\/yoopies-cms2fe05c84a0-74dd-47b8-acab-c92e78bd1de3-bigstock-portrait-of-happy-family-havin-95420993.jpg\",\"contentUrl\":\"https:\/\/yoopies.at\/c\/wp-content\/uploads\/sites\/6\/2022\/08\/yoopies-cms2fe05c84a0-74dd-47b8-acab-c92e78bd1de3-bigstock-portrait-of-happy-family-havin-95420993.jpg\",\"width\":1200,\"height\":800},{\"@type\":\"BreadcrumbList\",\"@id\":\"https:\/\/yoopies.at\/c\/gleichgewicht-arbeitsleben-privatleben\/#breadcrumb\",\"itemListElement\":[{\"@type\":\"ListItem\",\"position\":1,\"name\":\"Home\",\"item\":\"https:\/\/yoopies.at\/c\/\"},{\"@type\":\"ListItem\",\"position\":2,\"name\":\"10 Tips f\u00fcr ein gesundes Gleichgewicht zwischen Arbeit und Privatleben\"}]},{\"@type\":\"WebSite\",\"@id\":\"https:\/\/yoopies.at\/c\/#website\",\"url\":\"https:\/\/yoopies.at\/c\/\",\"name\":\"Yoopies \u00d6sterreich\",\"description\":\"\",\"potentialAction\":[{\"@type\":\"SearchAction\",\"target\":{\"@type\":\"EntryPoint\",\"urlTemplate\":\"https:\/\/yoopies.at\/c\/?s={search_term_string}\"},\"query-input\":{\"@type\":\"PropertyValueSpecification\",\"valueRequired\":true,\"valueName\":\"search_term_string\"}}],\"inLanguage\":\"de-AT\"}]}<\/script>\n<!-- \/ Yoast SEO plugin. -->","yoast_head_json":{"title":"10 Tips f\u00fcr eine gesundes Gleichgewicht zwischen Arbeits- und Privatleben","description":"F\u00fcr alle Eltern, die sich fragen, wie sie Beziehungen, Kinder und den Arbeitsstress unter einen Hut bringen k\u00f6nnen: Ihr seid nicht alleine! Entdeckt unsere 10 besten Methoden, um das Gleichgewicht zwischen Arbeits- und Privatleben zu verbessern.","robots":{"index":"index","follow":"follow","max-snippet":"max-snippet:-1","max-image-preview":"max-image-preview:large","max-video-preview":"max-video-preview:-1"},"canonical":"https:\/\/yoopies.at\/c\/gleichgewicht-arbeitsleben-privatleben\/","og_locale":"de_DE","og_type":"article","og_title":"10 Tips f\u00fcr eine gesundes Gleichgewicht zwischen Arbeits- und Privatleben","og_description":"F\u00fcr alle Eltern, die sich fragen, wie sie Beziehungen, Kinder und den Arbeitsstress unter einen Hut bringen k\u00f6nnen: Ihr seid nicht alleine! Entdeckt unsere 10 besten Methoden, um das Gleichgewicht zwischen Arbeits- und Privatleben zu verbessern.","og_url":"https:\/\/yoopies.at\/c\/gleichgewicht-arbeitsleben-privatleben\/","og_site_name":"Yoopies \u00d6sterreich","article_modified_time":"2025-06-12T08:43:07+00:00","og_image":[{"width":1200,"height":800,"url":"https:\/\/yoopies.at\/c\/wp-content\/uploads\/sites\/6\/2022\/08\/yoopies-cms2fe05c84a0-74dd-47b8-acab-c92e78bd1de3-bigstock-portrait-of-happy-family-havin-95420993.jpg","type":"image\/jpeg"}],"twitter_card":"summary_large_image","twitter_misc":{"Gesch\u00e4tzte Lesezeit":"7 Minuten"},"schema":{"@context":"https:\/\/schema.org","@graph":[{"@type":"WebPage","@id":"https:\/\/yoopies.at\/c\/gleichgewicht-arbeitsleben-privatleben\/","url":"https:\/\/yoopies.at\/c\/gleichgewicht-arbeitsleben-privatleben\/","name":"10 Tips f\u00fcr eine gesundes Gleichgewicht zwischen Arbeits- und Privatleben","isPartOf":{"@id":"https:\/\/yoopies.at\/c\/#website"},"primaryImageOfPage":{"@id":"https:\/\/yoopies.at\/c\/gleichgewicht-arbeitsleben-privatleben\/#primaryimage"},"image":{"@id":"https:\/\/yoopies.at\/c\/gleichgewicht-arbeitsleben-privatleben\/#primaryimage"},"thumbnailUrl":"https:\/\/yoopies.at\/c\/wp-content\/uploads\/sites\/6\/2022\/08\/yoopies-cms2fe05c84a0-74dd-47b8-acab-c92e78bd1de3-bigstock-portrait-of-happy-family-havin-95420993.jpg","datePublished":"2022-08-29T05:26:25+00:00","dateModified":"2025-06-12T08:43:07+00:00","description":"F\u00fcr alle Eltern, die sich fragen, wie sie Beziehungen, Kinder und den Arbeitsstress unter einen Hut bringen k\u00f6nnen: Ihr seid nicht alleine! Entdeckt unsere 10 besten Methoden, um das Gleichgewicht zwischen Arbeits- und Privatleben zu verbessern.","breadcrumb":{"@id":"https:\/\/yoopies.at\/c\/gleichgewicht-arbeitsleben-privatleben\/#breadcrumb"},"inLanguage":"de-AT","potentialAction":[{"@type":"ReadAction","target":["https:\/\/yoopies.at\/c\/gleichgewicht-arbeitsleben-privatleben\/"]}]},{"@type":"ImageObject","inLanguage":"de-AT","@id":"https:\/\/yoopies.at\/c\/gleichgewicht-arbeitsleben-privatleben\/#primaryimage","url":"https:\/\/yoopies.at\/c\/wp-content\/uploads\/sites\/6\/2022\/08\/yoopies-cms2fe05c84a0-74dd-47b8-acab-c92e78bd1de3-bigstock-portrait-of-happy-family-havin-95420993.jpg","contentUrl":"https:\/\/yoopies.at\/c\/wp-content\/uploads\/sites\/6\/2022\/08\/yoopies-cms2fe05c84a0-74dd-47b8-acab-c92e78bd1de3-bigstock-portrait-of-happy-family-havin-95420993.jpg","width":1200,"height":800},{"@type":"BreadcrumbList","@id":"https:\/\/yoopies.at\/c\/gleichgewicht-arbeitsleben-privatleben\/#breadcrumb","itemListElement":[{"@type":"ListItem","position":1,"name":"Home","item":"https:\/\/yoopies.at\/c\/"},{"@type":"ListItem","position":2,"name":"10 Tips f\u00fcr ein gesundes Gleichgewicht zwischen Arbeit und Privatleben"}]},{"@type":"WebSite","@id":"https:\/\/yoopies.at\/c\/#website","url":"https:\/\/yoopies.at\/c\/","name":"Yoopies \u00d6sterreich","description":"","potentialAction":[{"@type":"SearchAction","target":{"@type":"EntryPoint","urlTemplate":"https:\/\/yoopies.at\/c\/?s={search_term_string}"},"query-input":{"@type":"PropertyValueSpecification","valueRequired":true,"valueName":"search_term_string"}}],"inLanguage":"de-AT"}]}},"_links":{"self":[{"href":"https:\/\/yoopies.at\/c\/wp-json\/wp\/v2\/pages\/52","targetHints":{"allow":["GET"]}}],"collection":[{"href":"https:\/\/yoopies.at\/c\/wp-json\/wp\/v2\/pages"}],"about":[{"href":"https:\/\/yoopies.at\/c\/wp-json\/wp\/v2\/types\/page"}],"author":[{"embeddable":true,"href":"https:\/\/yoopies.at\/c\/wp-json\/wp\/v2\/users\/10"}],"replies":[{"embeddable":true,"href":"https:\/\/yoopies.at\/c\/wp-json\/wp\/v2\/comments?post=52"}],"version-history":[{"count":1,"href":"https:\/\/yoopies.at\/c\/wp-json\/wp\/v2\/pages\/52\/revisions"}],"predecessor-version":[{"id":56,"href":"https:\/\/yoopies.at\/c\/wp-json\/wp\/v2\/pages\/52\/revisions\/56"}],"wp:featuredmedia":[{"embeddable":true,"href":"https:\/\/yoopies.at\/c\/wp-json\/wp\/v2\/media\/55"}],"wp:attachment":[{"href":"https:\/\/yoopies.at\/c\/wp-json\/wp\/v2\/media?parent=52"}],"curies":[{"name":"wp","href":"https:\/\/api.w.org\/{rel}","templated":true}]}}